Let b be t(-2). What is the greatest common divisor of 170 and b?
10
Let h = -91 - -95. Suppose -280 = -2*z - 4*f, h*f - 9*f = z - 134. Calculate the greatest common divisor of z and 32.
16
Let a be (8/12)/((-11)/12 + 1). Suppose -i - 21 = -a*i. Let x(h) = 3*h**2 - 5*h + 6. Let z be x(i). What is the highest common factor of z and 45?
9
Let x(a) be the first derivative of -2*a**2 + 44*a + 88. Let u = 19 + -9. Let i be x(u). What is the greatest common factor of i and 8?
4
Let z be (2 + 35/(-10))*88/(-12). Let l = 1206 - 623. Calculate the greatest common divisor of z and l.
11
Let i = -34169 - -61633. Calculate the highest common divisor of 8 and i.
8
Suppose 0 = -3*p - 5*s + 9*s + 82133, 82161 = 3*p + 3*s. Calculate the highest common factor of 394 and p.
197
Let c = 18347 + -15297. Calculate the greatest common divisor of 150 and c.
50
Let f be (-572)/(-66)*(8 - 20/4). What is the greatest common factor of 11882 and f?
26
Suppose -18 - 3 = -3*h. Let s be -6*(-3 + 28/8) - -1. Let y be 1265/184 + s/(-16). What is the highest common factor of y and h?
7
Let r = 9 - 0. Suppose 47 = -4*t - 1. Let s be (-12 - -13)*t/(-1). What is the highest common divisor of r and s?
3
Suppose 7*u - 2370 = 10. Let f = u - 310. What is the greatest common factor of f and 20?
10
Let g = -11569 - -11632. What is the greatest common divisor of g and 15309?
63
Suppose -167 = -3*t + 247. Let i = 52 - t. Let d = i + 112. What is the highest common factor of 39 and d?
13
Let z be (7 + -7 - -3)/((-3)/(-4)). Suppose -2*c + 864 + 581 = w, z*w + 20 = 0. Calculate the highest common factor of c and 29.
29
Suppose 5*a - 2699*o = -2694*o + 205815, 5*a - o = 205827. Calculate the highest common factor of 18 and a.
18
Let l be (-27)/(-36)*3636 + (-3 - 6). What is the highest common divisor of 54 and l?
18
Let w(x) = 1195*x**2 + 28*x + 3. Let n be w(3). Calculate the greatest common divisor of 78 and n.
78
Let t(u) = u + 15. Let p(c) = c - 21. Let o be p(11). Let y be t(o). Let r(s) = 3*s**2 - 7*s - 6. Let b be r(y). What is the highest common factor of b and 119?
17
Suppose 24*v = 46*v - 30*v. Suppose 8*z = 6*z - 4, c + 2*z - 149 = v. Calculate the highest common factor of 45 and c.
9
Suppose 602 = -50*u + 6424 + 4178. Calculate the greatest common divisor of u and 32.
8
Let s(a) = 10*a**3 + 3*a + 2. Let q(x) = -32*x - 382. Let m be q(-12). Let n be s(m). Calculate the greatest common factor of n and 8.
8
Let c = 91 + -91. Suppose -2*s + 17*s - 330 = c. Calculate the highest common factor of 33 and s.
11
Let i be (-1)/(-1*3/222). Let j(z) = -4*z**3 - 77*z**2 - 322*z + 21. Let h be j(-4). What is the highest common divisor of h and i?
37
Let x = 85 + -61. Suppose -x*b + 32*b = 288. What is the greatest common factor of 84 and b?
12
Let k = 81 - 78. Suppose 2*h + 390 = 2*z, 4*z = -k*h - 2*h + 807. Calculate the greatest common factor of 66 and z.
66
Suppose -1968*h = -2026*h + 696. Calculate the highest common factor of h and 50532.
12
Let k(p) = 2*p**2 + 17*p + 25. Let q be k(-8). Suppose 2*l + q + 23 = 2*a, 3*a = -l + 72. Let b = 273 - 158. What is the greatest common divisor of b and a?
23
Suppose 4*x - 97704 = 3*o, -x - 57*o + 24426 = -62*o. What is the highest common factor of x and 59?
59
Let o be (125715/(-42) + (-35)/14)*(-84)/18. What is the highest common divisor of 60 and o?
60
Let b be (51 - -9)*(2 - (-10)/(-4)). Let l be 4/b - (2 + 572/(-15)). Calculate the highest common divisor of 48 and l.
12
Let q(p) = -p**3 + 28*p**2 - 93*p - 62. Let r be q(24). What is the greatest common factor of 896 and r?
2
Let c(u) be the first derivative of u**2/2 + 4*u - 76. Let a be c(13). Calculate the greatest common divisor of a and 34.
17
Suppose l = -4*v + 1917, -5*v + 2*l + 966 = -3*v. Let n(j) = 139*j - 1514. Let t be n(11). What is the greatest common factor of v and t?
15
Suppose -16*w = -18*w. Suppose -16*z + 7*z + 540 = w. What is the greatest common divisor of z and 24?
12
Let d be (319/(-33))/(2/(-108) + 0). Suppose -2*p = -2, -5*y - 12*p + d = -15*p. Calculate the greatest common factor of y and 15.
15
Let n = 14 - 11. Let t = 44 + -44. Suppose -3*j - 2*j - 4*b = -123, t = j - 5*b - 42. Calculate the greatest common divisor of n and j.
3
Suppose d + 4*d - b - 1716 = 0, 0 = 5*d - 2*b - 1712. What is the highest common divisor of d and 8?
8
Let a(t) = -t**2 + 3*t. Let r be a(3). Suppose r = -3*x + x + 10. Suppose 4*u = 20 - 16. What is the greatest common divisor of x and u?
1
Suppose 46*z - 36*z - 37536 = -14*z. What is the greatest common factor of z and 276?
92
Let c(t) = 281*t**2 + 684*t - 685. Let r be c(1). What is the greatest common divisor of 1904 and r?
56
Suppose 3*t = 2*a + 150, 116*t - 3*a + 100 = 118*t. What is the highest common divisor of t and 430?
10
Let y be 1/7 + 27/(-189). Suppose -3*w + q + 3*q + 208 = y, 2*q + 212 = 3*w. What is the highest common factor of w and 16?
8
Suppose -2*p = -63*p - 9*p + 587440. Calculate the greatest common divisor of p and 8.
8
Suppose -61*i - 20*i + 258 = -38*i. What is the highest common factor of 2586 and i?
6
Let n be -4*(4 + 453/18)*-21. Suppose 27*k - n = 358. What is the highest common factor of 13 and k?
13
Let j be 0/(9/3) + 2. Suppose 0 = -341*q + 328*q + 1014. Suppose x + 9 = 2*s + 45, -s - q = -j*x. Calculate the highest common divisor of x and 60.
20
Let q(i) be the second derivative of 11*i**3 - 2*i**2 - 12*i. Suppose 0 = -3*t - 2 + 8. Let j be q(t). Calculate the greatest common divisor of j and 16.
16
Let w = 4948 - 4918. Calculate the highest common divisor of w and 5370.
30
Suppose -3698 = -26*h + 3192. Let k = 120 + h. Calculate the greatest common divisor of k and 105.
35
Let o(t) = t**2 - 9*t - 37. Let k be o(15). Let p = k + -59. Let g be (-54)/(-12)*(-8)/p. Calculate the greatest common factor of g and 6.
6
Let z = -7051 - -7068. Let g(o) = -33*o**3 + 1. Let c be g(-2). Suppose 0 = z*u - c - 279. What is the greatest common divisor of u and 4?
4
Let t be 2/(-25) + 10542/525 + -3. Calculate the greatest common factor of 2567 and t.
17
Suppose -3*b = b + 68. Let l = -23 - b. Let q be -4*(l - (-2)/(-2)*-3). Calculate the greatest common divisor of q and 6.
6
Let i = -10678 - -10711. Calculate the highest common factor of i and 572.
11
Suppose u + 290 = 5*j, 0 + 25 = 5*u. Suppose 2*m - 4*y = 184, -3*m + 5*y = -215 - j. What is the highest common factor of m and 308?
44
Let v(s) = s**3 + 20*s**2 + 60*s + 34. Let h be v(-14). What is the greatest common factor of 2368 and h?
74
Suppose -612 = 282*g - 318*g. What is the greatest common factor of g and 46?
1
Let w = 14 - 2. Suppose -2*u = -4*z + 134, -2*u - w = 4*z - 150. Suppose z = 4*b - 38. Calculate the greatest common factor of 6 and b.
6
Let d(h) = -17*h + 95. Let o be d(5). Let l(j) = 5*j**2 - 23*j + 26. Let f be l(o). Calculate the greatest common divisor of 37 and f.
37
Suppose -240 = -3*n - 2*l, -160 = -2*n - 29*l + 33*l. Suppose -2*x + 2 = -30. What is the highest common divisor of n and x?
16
Let i(c) = -c**2 - c + 1. Let n(s) = 4*s**2 + 28*s + 45. Let y(u) = 3*i(u) + n(u). Let g be y(-23). What is the highest common factor of 2 and g?
2
Let g(w) = w**3 + w**2 + 2*w - 45. Let y be g(0). Let q be ((-200)/(-6))/(-5 + (-235)/y). What is the highest common factor of q and 20?
10
Suppose -58*x - 2*u = -53*x - 906, 0 = 2*x + 4*u - 372. Calculate the highest common factor of x and 492.
12
Let k be (-11)/(165/3186) - 4/(-10). Let n = k + 238. What is the highest common divisor of 351 and n?
13
Let f be 11 - (-4 + (3 - -4)) - 4. Suppose -168 = -2*m - s, 6*s + 411 = 5*m + f*s. Suppose -253 = -4*d + m. Calculate the highest common divisor of 21 and d.
21
Suppose 15638*t + 2538 = 15685*t. Suppose -5*b + 3268 = 298. What is the greatest common divisor of b and t?
54
Suppose 4*z = -b + 728, 174 = b - z - 514. What is the highest common divisor of 312 and b?
24
Suppose r + 5 = 0, 93*u - 98*u + r = -45045. Calculate the greatest common divisor of u and 16.
16
Let h(k) = -k**3 - 5*k**2 + 4*k - 5. Let i be h(-6). Let l(y) = 7*y**2 + 57*y + 97. Let f be l(-6). Calculate the highest common factor of i and f.
7
Let f be 4*-219*156/(-72). Calculate the highest common divisor of 52 and f.
26
Suppose -23*m = -78 - 523 + 49. Calculate the greatest common divisor of 264